s -15 + -4?
-19
In base 14, what is -50b - -a?
-501
In base 4, what is -120 + 0?
-120
In base 3, what is -1211 - 2?
-1220
In base 14, what is 42 - -5?
47
In base 3, what is -1 - -22220?
22212
In base 9, what is 4 + 47?
52
In base 13, what is 4b - 3?
48
In base 9, what is 3 + -625?
-622
In base 4, what is -311020 - 2?
-311022
In base 9, what is -2 - 17?
-20
In base 3, what is 10 - -10001?
10011
In base 10, what is -25 + -3?
-28
In base 10, what is -24 - 69?
-93
In base 16, what is 1e3 + 3?
1e6
In base 3, what is 2112 + 2?
2121
In base 14, what is -8a + 4?
-86
In base 5, what is 2 + -3223?
-3221
In base 6, what is -3240 + -5?
-3245
In base 14, what is 123 + 8?
12b
In base 7, what is -24301 + -1?
-24302
In base 6, what is -4 + 1015?
1011
In base 14, what is 4 + d6?
da
In base 10, what is -5 - 27?
-32
In base 11, what is 0 + -8a?
-8a
In base 12, what is -424 - 8?
-430
In base 10, what is -3 - -7?
4
In base 6, what is -144252 + 4?
-144244
In base 8, what is -32 - 0?
-32
In base 7, what is 0 + 21?
21
In base 14, what is -47 + -22?
-69
In base 14, what is -1 + 3b6?
3b5
In base 10, what is 46 + -2?
44
In base 8, what is -4 - 31?
-35
In base 7, what is -32 - 110?
-142
In base 16, what is -5 - -23?
1e
In base 16, what is 5 - 1cba?
-1cb5
In base 10, what is 4 - 48?
-44
In base 5, what is 4 + 20?
24
In base 7, what is -3 + -56?
-62
In base 3, what is 12110 - -12?
12122
In base 5, what is -32 - -3212?
3130
In base 13, what is -1 - -817?
816
In base 14, what is -2c9 - 5?
-2d0
In base 6, what is 1553 - 3?
1550
In base 7, what is -5 - 106?
-114
In base 2, what is 100 - 11001?
-10101
In base 6, what is 10331 - 3?
10324
In base 9, what is -5 - 2527?
-2533
In base 7, what is -2 - 23206?
-23211
In base 10, what is -19361 - 2?
-19363
In base 15, what is -12 - 3?
-15
In base 13, what is -3c + -10?
-4c
In base 4, what is 1 - -300?
301
In base 13, what is -5 - -94?
8c
In base 6, what is 13040 - -1?
13041
In base 4, what is -3 + -2333?
-3002
In base 12, what is 5 + b58?
b61
In base 3, what is 10110 - -2?
10112
In base 11, what is 300 - -2?
302
In base 10, what is 30 - 19?
11
In base 11, what is 29a0 - 5?
2996
In base 7, what is -221 + 11?
-210
In base 15, what is -47c + -17?
-494
In base 10, what is -19298 + -4?
-19302
In base 13, what is 2 + 76?
78
In base 8, what is 3 - -1703?
1706
In base 14, what is -103 + -1?
-104
In base 10, what is 5 + 12?
17
In base 12, what is 257 - -5?
260
In base 15, what is 3 - -20a?
20d
In base 12, what is -1 + 3a4?
3a3
In base 5, what is 212114 + 10?
212124
In base 16, what is -ec - -1?
-eb
In base 12, what is 101 - -19?
11a
In base 16, what is 443 - 12?
431
In base 2, what is -1100101 - -100011?
-1000010
In base 15, what is -4 - e?
-13
In base 6, what is -1 - 144?
-145
In base 16, what is 11d + 2?
11f
In base 8, what is -3 - -273?
270
In base 3, what is 0 - -1122?
1122
In base 4, what is -22 - -1000?
312
In base 9, what is -3 - -784?
781
In base 16, what is -12 + 41?
2f
In base 14, what is -1 - 561?
-562
In base 2, what is -10 - -100100?
100010
In base 14, what is 4 - 4a?
-46
In base 5, what is 1234 + 0?
1234
In base 4, what is 1 + 2102?
2103
In base 8, what is 15 + 22?
37
In base 12, what is -28a - 7?
-295
In base 11, what is -2 - a5?
-a7
In base 12, what is 210 - 3?
209
In base 6, what is 52200 + -4?
52152
In base 13, what is 18 - -1a?
35
In base 4, what is -11 + -223302?
-223313
In base 9, what is -1723 - -2?
-1721
In base 6, what is 2321 + -1?
2320
In base 11, what is -57 - 4?
-60
In base 2, what is -111111110 - 10?
-1000000000
In base 6, what is 345 - 0?
345
In base 8, what is -67 - 4?
-73
In base 12, what is -a8bb + 5?
-a8b6
In base 10, what is 1 + -58?
-57
In base 12, what is -1b1 - 4?
-1b5
In base 16, what is 19 + 56?
6f
In base 11, what is a + 55?
64
In base 14, what is 6 - 3c?
-36
In base 4, what is -3 - 30122?
-30131
In base 2, what is 100011001110 + -1?
100011001101
In base 9, what is 1152 - 2?
1150
In base 11, what is -3 + 3476?
3473
In base 16, what is 3b - -4?
3f
In base 8, what is -6367 + -4?
-6373
In base 15, what is 10 + 14?
24
In base 13, what is 4 + 4?
8
In base 8, what is 1 + 231?
232
In base 15, what is 5 + -35?
-30
In base 16, what is 1c - 70?
-54
In base 16, what is -20 - -4?
-1c
In base 16, what is -3ce + 0?
-3ce
In base 7, what is -665 + 16?
-646
In base 6, what is 31 - -32?
103
In base 5, what is -130 - 3114?
-3244
In base 15, what is 0 - -d?
d
In base 16, what is -2 + 40?
3e
In base 2, what is 1111010001 - 10?
1111001111
In base 9, what is -6 + 144?
137
In base 6, what is -3 - 11?
-14
In base 5, what is -1023 - 0?
-1023
In base 2, what is 110 + -110000000?
-101111010
In base 3, what is 1221022 - 100?
1220222
In base 13, what is b + 7?
15
In base 14, what is 4 + -9d?
-99
In base 10, what is -20 + 170?
150
In base 11, what is 4 - -126?
12a
In base 8, what is 3 + 3170?
3173
In base 4, what is 3012 - -10?
3022
In base 6, what is -132 + -4?
-140
In base 8, what is -12 + 164?
152
In base 3, what is 0 - 10220?
-10220
In base 5, what is 32330 + 3?
32333
In base 11, what is -58 - -4?
-54
In base 9, what is 1352 - 3?
1348
In base 16, what is -5 + -f?
-14
In base 10, what is -4 + 305?
301
In base 8, what is 5 + 4?
11
In base 4, what is 2 + -3020?
-3012
In base 6, what is 4 + 3524?
3532
In base 13, what is -4b6 - -5?
-4b1
In base 9, what is 3516 - 2?
3514
In base 9, what is 47 + 35?
83
In base 7, what is 3 + -6655?
-6652
In base 7, what is 4622 - -12?
4634
In base 5, what is 2 - -142?
144
In base 15, what is 3d1 - -2?
3d3
In base 14, what is 133 - 4?
12d
In base 7, what is -135 - 15?
-153
In base 3, what is 121111 + 111?
121222
In base 16, what is 9b - -30?
cb
In base 8, what is 167 - -3?
172
In base 16, what is 1 + 28?
29
In base 4, what is -2 - -10031?
10023
In base 2, what is 100000010 + 100?
100000110
In base 9, what is 7 - 1?
6
In base 4, what is 2 - 12231?
-12223
In base 12, what is -88a - -1?
-889
In base 4, what is -1 - 22101?
-22102
In base 8, what is 10 - -235?
245
In base 4, what is -1 - 2301?
-2302
In base 9, what is 13 - 608?
-585
In base 3, what is 121222001 - 0?
121222001
In base 3, what is -11 - -1222?
1211
In base 8, what is -660 + 2?
-656
In base 8, what is 3 - 1007?
-1004
In base 2, what is -10 + 1001010?
1001000
In base 11, what is -2940 + 2?
-2939
In base 10, what is -44 + -2?
-46
In base 3, what is 12011 - -12?
12100
In base 8, what is 5 + -11?
-4
In base 3, what is -1021 - 1210?
-10001
In base 15, what is 0 - -222?
222
In base 13, what is -2c - -35?
6
In base 4, what is -111 - 0?
-111
In base 10, what is -3 - 45?
-48
In base 8, what is -3 - 14432?
-14435
In base 12, what is -160 + 2?
-15a
In base 6, what is 2045 - -2?
2051
In base 5, what is -3001 - 0?
-3001
In base 15, what is -32e + -1?
-330
In base 4, what is -1 - -1231?
1230
In base 15, what is 12c - 2?
12a
In base 6, what is 102 - -34?
140
In base 7, what is -155 + 15?
-140
In base 15, what is -5 + -10?
-15
In base 3, what is 221120 - 21?
221022
In base 14, what is -3 - c?
-11
In base 9, what is 4 - -125?
130
In base 7, what is -1166 - 5?
-1204
In base 4, what is 11 + 12012?
12023
In base 15, what is 3 + 79?
7c
In base 12, what is -3 - 11b?
-122
In base 10, what is -1009 - -3?
-1006
In base 3, what is 12200 - -1?
12201
In base 11, what is -94a + -6?
-955
In base 15, what is -30 - -3b?
b
In base 2, what is 110 - 100?
10
In base 9, what is -1 - 7584?
-7585
In base 5, what is 12 - -20?
32
In base 14, what is -1 + -20?
-21
In base 13, what is b21 + 3?
b24
In base 14, what is b - 4?
7
In base 3, what is -221120 + 10?
-221110
In base 3, what is -1 + -11110?
-11111
In base 4, what is -1 - 211?
-212
In base 12, what is 5 + -18?
-13
In base 6, what is 3 - 0?
3
In base 4, what is 21 + -323?
-302
In base 4, what is -233 - 220?
-1113
In base 16, what is 94 - 5?
8f
In base 10, what is -3978 - -5?
-3973
In base 5, what is -124 + 1?
-123
In base 7, what is -5 + -114?
-122
In base 11, what is -5 - -172?
168
In base 3, what is 1022 - 2?
1020
In base 3, what is -201 - 10?
-211
In base 14, what is -806 + -1?
-807
In base 13, what is -5 + -2b0?
-2b5
In base 14, what is 1 + 296a?
296b
In base 13, what is -a86 + -1?
-a87
In base 10, what is -90 - -3?
-87
In base 4, what is 130 + -2103?
-1313
In base 10, what is 4 + 123?
127
In base 15, what is 10d - 0?
10d
In 